{"id":2799,"date":"2024-02-12T13:26:00","date_gmt":"2024-02-12T12:26:00","guid":{"rendered":"https:\/\/fokusisrael.ch\/la-haine-des-juifs-et-disrael-a-de-nouveau-le-vent-en-poupe\/propagande-anti-israelienne-sur-tiktok\/"},"modified":"2025-10-15T13:37:52","modified_gmt":"2025-10-15T11:37:52","slug":"propagande-anti-israelienne-sur-tiktok","status":"publish","type":"page","link":"https:\/\/fokusisrael.ch\/fr\/la-haine-des-juifs-et-disrael-a-de-nouveau-le-vent-en-poupe\/propagande-anti-israelienne-sur-tiktok\/","title":{"rendered":"Propagande anti-isra\u00e9lienne sur TikTok"},"content":{"rendered":"\n<p class=\"article__intro\">Sur TikTok, la haine d&rsquo;Isra\u00ebl et l&rsquo;antis\u00e9mitisme se propagent \u00e0 une vitesse sans pr\u00e9c\u00e9dent parmi le public, principalement jeune. De fausses informations sont transform\u00e9es en pr\u00e9tendues v\u00e9rit\u00e9s sans aucun filtre. C&rsquo;\u00e9tait d\u00e9j\u00e0 le cas avant le 7 octobre, mais cela a atteint un nouveau niveau d&rsquo;escalade depuis. C&rsquo;est ce que r\u00e9v\u00e8lent de nouvelles \u00e9tudes.     <\/p>\n\n<figure class=\"wp-block-image size-full\"><img loading=\"lazy\" decoding=\"async\" width=\"1024\" height=\"600\" src=\"https:\/\/fokusisrael.ch\/wp-content\/uploads\/2025\/03\/solen-feyissa-Rd5Z0K1lS7k-unsplash.jpg\" alt=\"Page d'accueil de TikTok\" class=\"wp-image-786\" srcset=\"https:\/\/fokusisrael.ch\/wp-content\/uploads\/2025\/03\/solen-feyissa-Rd5Z0K1lS7k-unsplash.jpg 1024w, https:\/\/fokusisrael.ch\/wp-content\/uploads\/2025\/03\/solen-feyissa-Rd5Z0K1lS7k-unsplash-300x176.jpg 300w, https:\/\/fokusisrael.ch\/wp-content\/uploads\/2025\/03\/solen-feyissa-Rd5Z0K1lS7k-unsplash-768x450.jpg 768w\" sizes=\"auto, (max-width: 1024px) 100vw, 1024px\" \/><figcaption class=\"wp-element-caption\"> <span class=\"image-meta\">&copy;<a href=\"https:\/\/unsplash.com\/de\/@solenfeyissa?utm_content=creditCopyText&#038;utm_medium=referral&#038;utm_source=unsplash\" target=\"_blank\" rel=\"noopener\">Solen Feyissa<\/a> <a href=\"https:\/\/unsplash.com\/de\/fotos\/ein-computerbildschirm-mit-dem-wort-tiktok-darauf-Rd5Z0K1lS7k?utm_content=creditCopyText&#038;utm_medium=referral&#038;utm_source=unsplash\" target=\"_blank\" rel=\"noopener\">Unsplash<\/a><\/span><\/figure><\/figcaption>\n\n<p>Une <a href=\"https:\/\/github.com\/antgoldbloom\/tiktok_israel_hamas\" target=\"_blank\" rel=\"noreferrer noopener\">\u00e9tude am\u00e9ricaine sur le comportement d&rsquo;environ 1 300 jeunes utilisateurs de TikTok<\/a> estime que TikTok est un moteur important de la mont\u00e9e actuelle de l&rsquo;antis\u00e9mitisme : selon cette \u00e9tude, la probabilit\u00e9 qu&rsquo;une personne ait des opinions antis\u00e9mites ou anti-isra\u00e9liennes augmente de 17% si elle passe 30 minutes par jour sur TikTok &#8211; contre 6% pour Instagram et 2% pour X.  <br \/><br \/>Une deuxi\u00e8me analyse r\u00e9cemment publi\u00e9e par le <a href=\"https:\/\/www.bs-anne-frank.de\/mediathek\/publikationen\/die-tiktok-intifada-der-7-oktober-die-folgen-im-netz\" target=\"_blank\" rel=\"noreferrer noopener\">centre de formation Anne Frank<\/a> parle m\u00eame d&rsquo;une \u00ab\u00a0radicalisation rapide\u00a0\u00bb des jeunes. \u00ab\u00a0Aucun autre m\u00e9dia social ne fournit un contenu aussi perturbant \u00e0 un groupe cible aussi vuln\u00e9rable, en grande partie sans surveillance\u00a0\u00bb, critique le rapport.   <br \/><\/p>\n\n<h3 class=\"wp-block-heading\">Fake news et images truqu\u00e9es<\/h3>\n\n<p>Par exemple, des messages sur TikTok mettent en doute le fait que le massacre du 7 octobre 2023 ait eu lieu ou l&rsquo;attribuent au gouvernement isra\u00e9lien. Des images g\u00e9n\u00e9r\u00e9es par l&rsquo;IA d&rsquo;enfants palestiniens pr\u00e9tendument tu\u00e9s sont partag\u00e9es des millions de fois pour servir des motifs antis\u00e9mites. \u00ab\u00a0C&rsquo;est une guerre d&rsquo;images et d&rsquo;affirmations dans laquelle les individus ont du mal \u00e0 s&rsquo;y retrouver\u00a0\u00bb, r\u00e9sume l&rsquo;\u00e9tablissement d&rsquo;enseignement.    <br \/><br \/>Distinguer les faits des fictions n&rsquo;est pas une t\u00e2che facile compte tenu de la vitesse \u00e0 laquelle les images et les vid\u00e9os sont partag\u00e9es. Si une information est consid\u00e9r\u00e9e comme une fausse nouvelle, elle a d\u00e9j\u00e0 fait le tour de la toile et le message est pass\u00e9. Par exemple, une photo qui a circul\u00e9 sur TikTok, Instagram et X montrait un homme en ruines portant cinq enfants. Cependant, <a href=\"https:\/\/factcheck.afp.com\/doc.afp.com.33ZJ8WU\" target=\"_blank\" rel=\"noreferrer noopener\">l&rsquo;image est un faux<\/a>. L&rsquo;agence de presse Associated Press, par exemple, s&rsquo;est vue oblig\u00e9e, trois semaines apr\u00e8s l&rsquo;attaque du Hamas, de <a href=\"https:\/\/apnews.com\/article\/israel-hamas-gaza-misinformation-fact-check-e58f9ab8696309305c3ea2bfb269258e\" target=\"_blank\" rel=\"noreferrer noopener\">mettre en garde<\/a> contre les nombreuses fake news sur la guerre de Gaza qui font le tour des m\u00e9dias sociaux.      <br \/><br \/>D\u00e9but f\u00e9vrier 2024, le pr\u00e9sident isra\u00e9lien Yitzhak Herzog avait invit\u00e9 <a href=\"https:\/\/www.israelnetz.com\/herzog-ruft-zum-kampf-gegen-antisemitismus-auf-tiktok-auf\/\" target=\"_blank\" rel=\"noreferrer noopener\">deux repr\u00e9sentants de TikTok<\/a> pour mettre en \u00e9vidence l&rsquo;antis\u00e9mitisme et la haine d&rsquo;Isra\u00ebl v\u00e9hicul\u00e9s par la plateforme et chercher des solutions. Lors de l&rsquo;entretien, Herzog a soulign\u00e9 : \u00ab\u00a0Nous devons combattre les mensonges et la haine l\u00e0 o\u00f9 nous les trouvons, dans la rue ou sur les r\u00e9seaux sociaux\u00a0\u00bb. Fin 2023, TikTok comptait pr\u00e8s de 1,7 milliard d&rsquo;utilisateurs dans le monde, dont 1,1 milliard d&rsquo;actifs r\u00e9guliers. La majorit\u00e9 d&rsquo;entre eux appartiennent \u00e0 la g\u00e9n\u00e9ration Z (1997-2010) et aux millennials (1981-1996) : Pr\u00e8s de 70% des utilisateurs appartiennent \u00e0 la tranche d&rsquo;\u00e2ge 16-24 ans. En Suisse, plus d&rsquo;un tiers de la population utilise activement TikTok.      <\/p>\n\n<p>Lecture recommand\u00e9e par la r\u00e9daction<br \/> TikTok<a href=\"\/die-palaestinenser\/tiktok-ist-eine-informations-und-ueberwachungsplattform-der-chinesischen-regierung-1160\/\">est une plate-forme d&rsquo;information et de surveillance du gouvernement chinois<\/a>.<\/p>\n","protected":false},"excerpt":{"rendered":"<p>Sur TikTok, la haine d&rsquo;Isra\u00ebl et l&rsquo;antis\u00e9mitisme se propagent \u00e0 une vitesse sans pr\u00e9c\u00e9dent parmi le public, principalement jeune. De fausses informations sont transform\u00e9es en pr\u00e9tendues v\u00e9rit\u00e9s sans aucun filtre. C&rsquo;\u00e9tait d\u00e9j\u00e0 le cas avant le 7 octobre, mais cela a atteint un nouveau niveau d&rsquo;escalade depuis. C&rsquo;est ce que r\u00e9v\u00e8lent de nouvelles \u00e9tudes. Une [&hellip;]<\/p>\n","protected":false},"author":2,"featured_media":2363,"parent":2709,"menu_order":0,"comment_status":"closed","ping_status":"closed","template":"","meta":{"_hide_socialbar":"","footnotes":""},"categories":[],"tags":[395,409],"class_list":["post-2799","page","type-page","status-publish","has-post-thumbnail","hentry","tag-antisemitisme","tag-tiktok-fr"],"aioseo_notices":[],"_links":{"self":[{"href":"https:\/\/fokusisrael.ch\/fr\/wp-json\/wp\/v2\/pages\/2799","targetHints":{"allow":["GET"]}}],"collection":[{"href":"https:\/\/fokusisrael.ch\/fr\/wp-json\/wp\/v2\/pages"}],"about":[{"href":"https:\/\/fokusisrael.ch\/fr\/wp-json\/wp\/v2\/types\/page"}],"author":[{"embeddable":true,"href":"https:\/\/fokusisrael.ch\/fr\/wp-json\/wp\/v2\/users\/2"}],"replies":[{"embeddable":true,"href":"https:\/\/fokusisrael.ch\/fr\/wp-json\/wp\/v2\/comments?post=2799"}],"version-history":[{"count":3,"href":"https:\/\/fokusisrael.ch\/fr\/wp-json\/wp\/v2\/pages\/2799\/revisions"}],"predecessor-version":[{"id":5289,"href":"https:\/\/fokusisrael.ch\/fr\/wp-json\/wp\/v2\/pages\/2799\/revisions\/5289"}],"up":[{"embeddable":true,"href":"https:\/\/fokusisrael.ch\/fr\/wp-json\/wp\/v2\/pages\/2709"}],"wp:featuredmedia":[{"embeddable":true,"href":"https:\/\/fokusisrael.ch\/fr\/wp-json\/wp\/v2\/media\/2363"}],"wp:attachment":[{"href":"https:\/\/fokusisrael.ch\/fr\/wp-json\/wp\/v2\/media?parent=2799"}],"wp:term":[{"taxonomy":"category","embeddable":true,"href":"https:\/\/fokusisrael.ch\/fr\/wp-json\/wp\/v2\/categories?post=2799"},{"taxonomy":"post_tag","embeddable":true,"href":"https:\/\/fokusisrael.ch\/fr\/wp-json\/wp\/v2\/tags?post=2799"}],"curies":[{"name":"wp","href":"https:\/\/api.w.org\/{rel}","templated":true}]}}

Propagande anti-israélienne sur TikTok

<p class="article__intro">Sur TikTok, la haine d&rsquo;Israël et l&rsquo;antisémitisme se propagent à une vitesse sans précédent parmi le public, principalement jeune. De fausses informations sont transformées en prétendues vérités sans aucun filtre. C&rsquo;était déjà le cas avant le 7 octobre, mais cela a atteint un nouveau niveau d&rsquo;escalade depuis. C&rsquo;est ce que révèlent de nouvelles études.     </p>

<figure class="wp-block-image size-full"><img loading="lazy" decoding="async" width="1024" height="600" src="https://fokusisrael.ch/wp-content/uploads/2025/03/solen-feyissa-Rd5Z0K1lS7k-unsplash.jpg" alt="Page d'accueil de TikTok" class="wp-image-786" srcset="https://fokusisrael.ch/wp-content/uploads/2025/03/solen-feyissa-Rd5Z0K1lS7k-unsplash.jpg 1024w, https://fokusisrael.ch/wp-content/uploads/2025/03/solen-feyissa-Rd5Z0K1lS7k-unsplash-300x176.jpg 300w, https://fokusisrael.ch/wp-content/uploads/2025/03/solen-feyissa-Rd5Z0K1lS7k-unsplash-768x450.jpg 768w" sizes="auto, (max-width: 1024px) 100vw, 1024px" /><figcaption class="wp-element-caption"> <span class="image-meta">&copy;<a href="https://unsplash.com/de/@solenfeyissa?utm_content=creditCopyText&#038;utm_medium=referral&#038;utm_source=unsplash" target="_blank" rel="noopener">Solen Feyissa</a> <a href="https://unsplash.com/de/fotos/ein-computerbildschirm-mit-dem-wort-tiktok-darauf-Rd5Z0K1lS7k?utm_content=creditCopyText&#038;utm_medium=referral&#038;utm_source=unsplash" target="_blank" rel="noopener">Unsplash</a></span></figure></figcaption>

<p>Une <a href="https://github.com/antgoldbloom/tiktok_israel_hamas" target="_blank" rel="noreferrer noopener">étude américaine sur le comportement d&rsquo;environ 1 300 jeunes utilisateurs de TikTok</a> estime que TikTok est un moteur important de la montée actuelle de l&rsquo;antisémitisme : selon cette étude, la probabilité qu&rsquo;une personne ait des opinions antisémites ou anti-israéliennes augmente de 17% si elle passe 30 minutes par jour sur TikTok &#8211; contre 6% pour Instagram et 2% pour X.  <br /><br />Une deuxième analyse récemment publiée par le <a href="https://www.bs-anne-frank.de/mediathek/publikationen/die-tiktok-intifada-der-7-oktober-die-folgen-im-netz" target="_blank" rel="noreferrer noopener">centre de formation Anne Frank</a> parle même d&rsquo;une « radicalisation rapide » des jeunes. « Aucun autre média social ne fournit un contenu aussi perturbant à un groupe cible aussi vulnérable, en grande partie sans surveillance », critique le rapport.   <br /></p>

<h3 class="wp-block-heading">Fake news et images truquées</h3>

<p>Par exemple, des messages sur TikTok mettent en doute le fait que le massacre du 7 octobre 2023 ait eu lieu ou l&rsquo;attribuent au gouvernement israélien. Des images générées par l&rsquo;IA d&rsquo;enfants palestiniens prétendument tués sont partagées des millions de fois pour servir des motifs antisémites. « C&rsquo;est une guerre d&rsquo;images et d&rsquo;affirmations dans laquelle les individus ont du mal à s&rsquo;y retrouver », résume l&rsquo;établissement d&rsquo;enseignement.    <br /><br />Distinguer les faits des fictions n&rsquo;est pas une tâche facile compte tenu de la vitesse à laquelle les images et les vidéos sont partagées. Si une information est considérée comme une fausse nouvelle, elle a déjà fait le tour de la toile et le message est passé. Par exemple, une photo qui a circulé sur TikTok, Instagram et X montrait un homme en ruines portant cinq enfants. Cependant, <a href="https://factcheck.afp.com/doc.afp.com.33ZJ8WU" target="_blank" rel="noreferrer noopener">l&rsquo;image est un faux</a>. L&rsquo;agence de presse Associated Press, par exemple, s&rsquo;est vue obligée, trois semaines après l&rsquo;attaque du Hamas, de <a href="https://apnews.com/article/israel-hamas-gaza-misinformation-fact-check-e58f9ab8696309305c3ea2bfb269258e" target="_blank" rel="noreferrer noopener">mettre en garde</a> contre les nombreuses fake news sur la guerre de Gaza qui font le tour des médias sociaux.      <br /><br />Début février 2024, le président israélien Yitzhak Herzog avait invité <a href="https://www.israelnetz.com/herzog-ruft-zum-kampf-gegen-antisemitismus-auf-tiktok-auf/" target="_blank" rel="noreferrer noopener">deux représentants de TikTok</a> pour mettre en évidence l&rsquo;antisémitisme et la haine d&rsquo;Israël véhiculés par la plateforme et chercher des solutions. Lors de l&rsquo;entretien, Herzog a souligné : « Nous devons combattre les mensonges et la haine là où nous les trouvons, dans la rue ou sur les réseaux sociaux ». Fin 2023, TikTok comptait près de 1,7 milliard d&rsquo;utilisateurs dans le monde, dont 1,1 milliard d&rsquo;actifs réguliers. La majorité d&rsquo;entre eux appartiennent à la génération Z (1997-2010) et aux millennials (1981-1996) : Près de 70% des utilisateurs appartiennent à la tranche d&rsquo;âge 16-24 ans. En Suisse, plus d&rsquo;un tiers de la population utilise activement TikTok.      </p>

<p>Lecture recommandée par la rédaction<br /> TikTok<a href="/die-palaestinenser/tiktok-ist-eine-informations-und-ueberwachungsplattform-der-chinesischen-regierung-1160/">est une plate-forme d&rsquo;information et de surveillance du gouvernement chinois</a>.</p>

<p>Sur TikTok, la haine d&rsquo;Israël et l&rsquo;antisémitisme se propagent à une vitesse sans précédent parmi le public, principalement jeune. De fausses informations sont transformées en prétendues vérités sans aucun filtre. C&rsquo;était déjà le cas avant le 7 octobre, mais cela a atteint un nouveau niveau d&rsquo;escalade depuis. C&rsquo;est ce que révèlent de nouvelles études. Une [&hellip;]</p>
